{"id":856,"date":"2020-03-24T09:53:20","date_gmt":"2020-03-24T08:53:20","guid":{"rendered":"https:\/\/www.steirische-harmonika-noten.at\/griffschrift-online-shop\/?post_type=product&#038;p=856"},"modified":"2026-01-06T19:20:45","modified_gmt":"2026-01-06T18:20:45","slug":"tuer-an-tuer-mit-alice-fox","status":"publish","type":"product","link":"https:\/\/www.steirische-harmonika-noten.at\/griffschrift-online-shop\/produkt\/tuer-an-tuer-mit-alice-fox\/","title":{"rendered":"T\u00fcr an T\u00fcr mit Alice (Fox)"},"content":{"rendered":"<p>20001NN T\u00fcr an T\u00fcr mit Alice (Fox) &#8211; 2 Harmonikas &#8211; 7 Seiten &#8211; Ohne Text (4R)<\/p>\n<p><strong><span style=\"color: #0000ff;\">Jetzt anh\u00f6ren: &gt;&gt;&gt;KLICK&gt;&gt;&gt;<\/span> <span style=\"color: #ff0000;\"><a href=\"https:\/\/www.steirische-harmonika-noten.at\/griffschrift-shop\/mp3.songs\/20001NN - Tuer an Tuer mit Alice - 4 Reihige - 2 Seiten - Inkl Text.mp3\" target=\"_blank\" rel=\"noopener noreferrer\">T\u00fcr an T\u00fcr mit Alice<\/a><\/span><\/strong><\/p>\n<figure id=\"attachment_857\" aria-describedby=\"caption-attachment-857\" style=\"width: 214px\" class=\"wp-caption alignleft\"><a href=\"https:\/\/www.steirische-harmonika-noten.at\/griffschrift-online-shop\/wp-content\/uploads\/2020\/03\/Tuer-an-Tuer-mit-Alice-Ausschnitt.png\" target=\"_blank\" rel=\"noopener noreferrer\"><img loading=\"lazy\" decoding=\"async\" class=\"wp-image-857 size-medium\" src=\"https:\/\/www.steirische-harmonika-noten.at\/griffschrift-online-shop\/wp-content\/uploads\/2020\/03\/Tuer-an-Tuer-mit-Alice-Ausschnitt-214x300.png\" alt=\"\" width=\"214\" height=\"300\" srcset=\"https:\/\/www.steirische-harmonika-noten.at\/griffschrift-online-shop\/wp-content\/uploads\/2020\/03\/Tuer-an-Tuer-mit-Alice-Ausschnitt-214x300.png 214w, https:\/\/www.steirische-harmonika-noten.at\/griffschrift-online-shop\/wp-content\/uploads\/2020\/03\/Tuer-an-Tuer-mit-Alice-Ausschnitt-200x281.png 200w, https:\/\/www.steirische-harmonika-noten.at\/griffschrift-online-shop\/wp-content\/uploads\/2020\/03\/Tuer-an-Tuer-mit-Alice-Ausschnitt-300x421.png 300w, https:\/\/www.steirische-harmonika-noten.at\/griffschrift-online-shop\/wp-content\/uploads\/2020\/03\/Tuer-an-Tuer-mit-Alice-Ausschnitt-730x1024.png 730w, https:\/\/www.steirische-harmonika-noten.at\/griffschrift-online-shop\/wp-content\/uploads\/2020\/03\/Tuer-an-Tuer-mit-Alice-Ausschnitt-768x1077.png 768w, https:\/\/www.steirische-harmonika-noten.at\/griffschrift-online-shop\/wp-content\/uploads\/2020\/03\/Tuer-an-Tuer-mit-Alice-Ausschnitt-1095x1536.png 1095w, https:\/\/www.steirische-harmonika-noten.at\/griffschrift-online-shop\/wp-content\/uploads\/2020\/03\/Tuer-an-Tuer-mit-Alice-Ausschnitt-1460x2048.png 1460w, https:\/\/www.steirische-harmonika-noten.at\/griffschrift-online-shop\/wp-content\/uploads\/2020\/03\/Tuer-an-Tuer-mit-Alice-Ausschnitt.png 2048w\" sizes=\"auto, (max-width: 214px) 100vw, 214px\" \/><\/a><figcaption id=\"caption-attachment-857\" class=\"wp-caption-text\">Klicke auf das Bild, um es zu vergr\u00f6ssern<\/figcaption><\/figure>\n","protected":false},"excerpt":{"rendered":"<p>20001NN T\u00fcr an T\u00fcr mit Alice (Fox) &#8211; 2 Harmonikas &#8211; 7 Seiten &#8211; Ohne Text (4R) Jetzt anh\u00f6ren: &gt;&gt;&gt;KLICK&gt;&gt;&gt; T\u00fcr an T\u00fcr mit Alice<\/p>\n","protected":false},"featured_media":0,"comment_status":"closed","ping_status":"closed","template":"","meta":[],"product_brand":[],"product_cat":[108],"product_tag":[346],"class_list":{"0":"post-856","1":"product","2":"type-product","3":"status-publish","5":"product_cat-noten-fuer-2-steirische","6":"product_tag-tuer-an-tuer-mit-alice-fox","8":"first","9":"instock","10":"downloadable","11":"virtual","12":"sold-individually","13":"purchasable","14":"product-type-simple"},"aioseo_notices":[],"_links":{"self":[{"href":"https:\/\/www.steirische-harmonika-noten.at\/griffschrift-online-shop\/wp-json\/wp\/v2\/product\/856","targetHints":{"allow":["GET"]}}],"collection":[{"href":"https:\/\/www.steirische-harmonika-noten.at\/griffschrift-online-shop\/wp-json\/wp\/v2\/product"}],"about":[{"href":"https:\/\/www.steirische-harmonika-noten.at\/griffschrift-online-shop\/wp-json\/wp\/v2\/types\/product"}],"replies":[{"embeddable":true,"href":"https:\/\/www.steirische-harmonika-noten.at\/griffschrift-online-shop\/wp-json\/wp\/v2\/comments?post=856"}],"wp:attachment":[{"href":"https:\/\/www.steirische-harmonika-noten.at\/griffschrift-online-shop\/wp-json\/wp\/v2\/media?parent=856"}],"wp:term":[{"taxonomy":"product_brand","embeddable":true,"href":"https:\/\/www.steirische-harmonika-noten.at\/griffschrift-online-shop\/wp-json\/wp\/v2\/product_brand?post=856"},{"taxonomy":"product_cat","embeddable":true,"href":"https:\/\/www.steirische-harmonika-noten.at\/griffschrift-online-shop\/wp-json\/wp\/v2\/product_cat?post=856"},{"taxonomy":"product_tag","embeddable":true,"href":"https:\/\/www.steirische-harmonika-noten.at\/griffschrift-online-shop\/wp-json\/wp\/v2\/product_tag?post=856"}],"curies":[{"name":"wp","href":"https:\/\/api.w.org\/{rel}","templated":true}]}}