{"id":746,"date":"2020-03-23T16:06:44","date_gmt":"2020-03-23T15:06:44","guid":{"rendered":"https:\/\/www.steirische-harmonika-noten.at\/griffschrift-online-shop\/?post_type=product&#038;p=746"},"modified":"2026-01-03T12:04:49","modified_gmt":"2026-01-03T11:04:49","slug":"gamsjaeger-marsch-volksweise-2-harmonikas","status":"publish","type":"product","link":"https:\/\/www.steirische-harmonika-noten.at\/griffschrift-online-shop\/produkt\/gamsjaeger-marsch-volksweise-2-harmonikas\/","title":{"rendered":"Gamsj\u00e4ger Marsch (Volksweise) &#8211; 2 Harmonikas"},"content":{"rendered":"<p>07004NN1 Gamsj\u00e4ger Marsch (Volksweise) &#8211; 2 Harmonikas<br \/>\n3 Seiten &#8211; Ohne Text (3+4R)<\/p>\n<p>1.Stimme: <strong><span style=\"color: #ff0000;\"><span style=\"color: #0000ff;\">Jetzt anh\u00f6ren: &gt;&gt;&gt;KLICK&gt;&gt;&gt;<\/span> <a href=\"https:\/\/www.steirische-harmonika-noten.at\/griffschrift-shop\/mp3.songs\/07004NN1 Gamsj\u00e4ger Marsch - 1 Stimme.mp3\" target=\"_blank\" rel=\"noopener noreferrer\">Gamsj\u00e4ger Marsch<\/a><\/span><\/strong><\/p>\n<figure id=\"attachment_747\" aria-describedby=\"caption-attachment-747\" style=\"width: 300px\" class=\"wp-caption alignleft\"><a href=\"https:\/\/www.steirische-harmonika-noten.at\/griffschrift-online-shop\/wp-content\/uploads\/2020\/03\/Gamsjaeger-Marsch-Ausschnitt1.png\" target=\"_blank\" rel=\"noopener noreferrer\"><img loading=\"lazy\" decoding=\"async\" class=\"wp-image-747 size-medium\" src=\"https:\/\/www.steirische-harmonika-noten.at\/griffschrift-online-shop\/wp-content\/uploads\/2020\/03\/Gamsjaeger-Marsch-Ausschnitt1-300x207.png\" alt=\"\" width=\"300\" height=\"207\" srcset=\"https:\/\/www.steirische-harmonika-noten.at\/griffschrift-online-shop\/wp-content\/uploads\/2020\/03\/Gamsjaeger-Marsch-Ausschnitt1-300x207.png 300w, https:\/\/www.steirische-harmonika-noten.at\/griffschrift-online-shop\/wp-content\/uploads\/2020\/03\/Gamsjaeger-Marsch-Ausschnitt1-200x138.png 200w, https:\/\/www.steirische-harmonika-noten.at\/griffschrift-online-shop\/wp-content\/uploads\/2020\/03\/Gamsjaeger-Marsch-Ausschnitt1-1024x706.png 1024w, https:\/\/www.steirische-harmonika-noten.at\/griffschrift-online-shop\/wp-content\/uploads\/2020\/03\/Gamsjaeger-Marsch-Ausschnitt1-768x530.png 768w, https:\/\/www.steirische-harmonika-noten.at\/griffschrift-online-shop\/wp-content\/uploads\/2020\/03\/Gamsjaeger-Marsch-Ausschnitt1-1536x1059.png 1536w, https:\/\/www.steirische-harmonika-noten.at\/griffschrift-online-shop\/wp-content\/uploads\/2020\/03\/Gamsjaeger-Marsch-Ausschnitt1.png 2048w\" sizes=\"auto, (max-width: 300px) 100vw, 300px\" \/><\/a><figcaption id=\"caption-attachment-747\" class=\"wp-caption-text\">Klicke auf das Bild, um es zu vergr\u00f6ssern<\/figcaption><\/figure>\n<p>&nbsp;<\/p>\n<p>&nbsp;<\/p>\n<p>&nbsp;<\/p>\n<p>&nbsp;<\/p>\n<p>&nbsp;<\/p>\n<p>&nbsp;<\/p>\n<p>2.Stimme: <strong><span style=\"color: #ff0000;\"><span style=\"color: #0000ff;\">Jetzt anh\u00f6ren: &gt;&gt;&gt;KLICK&gt;&gt;&gt;<\/span> <a href=\"https:\/\/www.steirische-harmonika-noten.at\/griffschrift-shop\/mp3.songs\/07004NN1 Gamsj\u00e4ger Marsch - 2 Stimme.mp3\" target=\"_blank\" rel=\"noopener noreferrer\">Gamsj\u00e4ger Marsch<\/a><\/span><\/strong><\/p>\n<figure id=\"attachment_748\" aria-describedby=\"caption-attachment-748\" style=\"width: 300px\" class=\"wp-caption alignleft\"><a href=\"https:\/\/www.steirische-harmonika-noten.at\/griffschrift-online-shop\/wp-content\/uploads\/2020\/03\/Gamsjaeger-Marsch-Ausschnitt2.png\" target=\"_blank\" rel=\"noopener noreferrer\"><img loading=\"lazy\" decoding=\"async\" class=\"wp-image-748 size-medium\" src=\"https:\/\/www.steirische-harmonika-noten.at\/griffschrift-online-shop\/wp-content\/uploads\/2020\/03\/Gamsjaeger-Marsch-Ausschnitt2-300x212.png\" alt=\"\" width=\"300\" height=\"212\" srcset=\"https:\/\/www.steirische-harmonika-noten.at\/griffschrift-online-shop\/wp-content\/uploads\/2020\/03\/Gamsjaeger-Marsch-Ausschnitt2-300x212.png 300w, https:\/\/www.steirische-harmonika-noten.at\/griffschrift-online-shop\/wp-content\/uploads\/2020\/03\/Gamsjaeger-Marsch-Ausschnitt2-200x141.png 200w, https:\/\/www.steirische-harmonika-noten.at\/griffschrift-online-shop\/wp-content\/uploads\/2020\/03\/Gamsjaeger-Marsch-Ausschnitt2-1024x724.png 1024w, https:\/\/www.steirische-harmonika-noten.at\/griffschrift-online-shop\/wp-content\/uploads\/2020\/03\/Gamsjaeger-Marsch-Ausschnitt2-768x543.png 768w, https:\/\/www.steirische-harmonika-noten.at\/griffschrift-online-shop\/wp-content\/uploads\/2020\/03\/Gamsjaeger-Marsch-Ausschnitt2-1536x1085.png 1536w, https:\/\/www.steirische-harmonika-noten.at\/griffschrift-online-shop\/wp-content\/uploads\/2020\/03\/Gamsjaeger-Marsch-Ausschnitt2.png 2048w\" sizes=\"auto, (max-width: 300px) 100vw, 300px\" \/><\/a><figcaption id=\"caption-attachment-748\" class=\"wp-caption-text\">Klicke auf das Bild, um es zu vergr\u00f6ssern<\/figcaption><\/figure>\n","protected":false},"excerpt":{"rendered":"<p>07004NN1 Gamsj\u00e4ger Marsch (Volksweise) &#8211; 2 Harmonikas 3 Seiten &#8211; Ohne Text (3+4R) 1.Stimme: Jetzt anh\u00f6ren: &gt;&gt;&gt;KLICK&gt;&gt;&gt; Gamsj\u00e4ger Marsch &nbsp; &nbsp; &nbsp; &nbsp; &nbsp; &nbsp; 2.Stimme: Jetzt anh\u00f6ren: &gt;&gt;&gt;KLICK&gt;&gt;&gt; Gamsj\u00e4ger Marsch<\/p>\n","protected":false},"featured_media":0,"comment_status":"closed","ping_status":"closed","template":"","meta":[],"product_brand":[],"product_cat":[108],"product_tag":[299],"class_list":{"0":"post-746","1":"product","2":"type-product","3":"status-publish","5":"product_cat-noten-fuer-2-steirische","6":"product_tag-gamsjaeger-marsch-volksweise-2-harmonikas","8":"first","9":"instock","10":"downloadable","11":"virtual","12":"sold-individually","13":"purchasable","14":"product-type-simple"},"aioseo_notices":[],"_links":{"self":[{"href":"https:\/\/www.steirische-harmonika-noten.at\/griffschrift-online-shop\/wp-json\/wp\/v2\/product\/746","targetHints":{"allow":["GET"]}}],"collection":[{"href":"https:\/\/www.steirische-harmonika-noten.at\/griffschrift-online-shop\/wp-json\/wp\/v2\/product"}],"about":[{"href":"https:\/\/www.steirische-harmonika-noten.at\/griffschrift-online-shop\/wp-json\/wp\/v2\/types\/product"}],"replies":[{"embeddable":true,"href":"https:\/\/www.steirische-harmonika-noten.at\/griffschrift-online-shop\/wp-json\/wp\/v2\/comments?post=746"}],"wp:attachment":[{"href":"https:\/\/www.steirische-harmonika-noten.at\/griffschrift-online-shop\/wp-json\/wp\/v2\/media?parent=746"}],"wp:term":[{"taxonomy":"product_brand","embeddable":true,"href":"https:\/\/www.steirische-harmonika-noten.at\/griffschrift-online-shop\/wp-json\/wp\/v2\/product_brand?post=746"},{"taxonomy":"product_cat","embeddable":true,"href":"https:\/\/www.steirische-harmonika-noten.at\/griffschrift-online-shop\/wp-json\/wp\/v2\/product_cat?post=746"},{"taxonomy":"product_tag","embeddable":true,"href":"https:\/\/www.steirische-harmonika-noten.at\/griffschrift-online-shop\/wp-json\/wp\/v2\/product_tag?post=746"}],"curies":[{"name":"wp","href":"https:\/\/api.w.org\/{rel}","templated":true}]}}